actor of 672 and 19712?
224
What is the highest common factor of 4 and 2048?
4
What is the greatest common factor of 3032 and 192?
8
Calculate the highest common factor of 1899 and 9.
9
What is the greatest common factor of 4 and 324?
4
What is the highest common factor of 66 and 9823?
11
Calculate the highest common divisor of 242 and 44.
22
Calculate the highest common divisor of 13167 and 21.
21
Calculate the highest common factor of 30 and 1065.
15
Calculate the highest common factor of 98 and 756.
14
Calculate the greatest common divisor of 105 and 1519.
7
Calculate the greatest common factor of 20 and 12.
4
Calculate the highest common divisor of 11 and 539.
11
Calculate the highest common divisor of 150 and 250.
50
Calculate the greatest common factor of 261 and 232.
29
What is the highest common factor of 15 and 2715?
15
Calculate the highest common factor of 414 and 18.
18
Calculate the greatest common factor of 20 and 1940.
20
Calculate the greatest common divisor of 60 and 240.
60
Calculate the greatest common factor of 1425 and 57.
57
What is the highest common divisor of 92 and 12?
4
What is the highest common divisor of 161 and 294?
7
What is the greatest common factor of 4745 and 65?
65
What is the highest common divisor of 6567 and 154?
11
Calculate the greatest common factor of 17 and 391.
17
Calculate the greatest common factor of 18 and 594.
18
Calculate the highest common divisor of 26760 and 80.
40
What is the highest common divisor of 209 and 55?
11
What is the greatest common factor of 85 and 1360?
85
What is the greatest common divisor of 46 and 713?
23
Calculate the greatest common divisor of 144 and 414.
18
What is the highest common divisor of 819 and 182?
91
Calculate the highest common factor of 640 and 20.
20
Calculate the greatest common factor of 7181 and 668.
167
What is the greatest common divisor of 126 and 2478?
42
Calculate the greatest common factor of 184 and 2346.
46
Calculate the highest common divisor of 6464 and 384.
64
Calculate the greatest common divisor of 64 and 384.
64
Calculate the highest common divisor of 7 and 11200.
7
What is the highest common divisor of 60 and 16?
4
Calculate the highest common divisor of 15585 and 75.
15
What is the greatest common divisor of 310 and 558?
62
What is the highest common divisor of 28 and 1162?
14
Calculate the highest common factor of 59 and 295.
59
What is the greatest common divisor of 2568 and 768?
24
Calculate the highest common divisor of 3 and 1.
1
What is the highest common factor of 5740 and 656?
164
What is the greatest common divisor of 810 and 90?
90
Calculate the highest common divisor of 76 and 171.
19
Calculate the highest common factor of 28017 and 566.
283
Calculate the greatest common divisor of 132 and 2904.
132
Calculate the greatest common divisor of 60 and 516.
12
Calculate the greatest common factor of 1984 and 31.
31
What is the greatest common factor of 6 and 1272?
6
Calculate the highest common divisor of 20850 and 30.
30
What is the greatest common factor of 114 and 4?
2
What is the highest common factor of 32 and 144?
16
Calculate the greatest common factor of 1280 and 5.
5
Calculate the greatest common divisor of 56 and 301.
7
What is the highest common divisor of 24 and 40?
8
Calculate the highest common divisor of 306 and 374.
34
Calculate the highest common factor of 675 and 125.
25
Calculate the highest common factor of 84 and 4326.
42
What is the greatest common factor of 406 and 116?
58
Calculate the highest common factor of 12 and 372.
12
Calculate the highest common factor of 90 and 320.
10
What is the highest common divisor of 273 and 21385?
91
What is the highest common divisor of 2940 and 672?
84
Calculate the greatest common factor of 4 and 124.
4
Calculate the highest common divisor of 16 and 920.
8
Calculate the greatest common divisor of 285 and 30495.
285
Calculate the highest common factor of 42 and 16485.
21
What is the greatest common divisor of 2156 and 84?
28
What is the highest common divisor of 35944 and 8?
8
Calculate the highest common factor of 22 and 88.
22
What is the highest common divisor of 484 and 5203?
121
Calculate the greatest common divisor of 372 and 36.
12
Calculate the greatest common factor of 3965 and 325.
65
Calculate the highest common factor of 44 and 594.
22
Calculate the greatest common divisor of 13 and 17849.
13
What is the greatest common factor of 4370 and 345?
115
What is the highest common divisor of 1118 and 104?
26
What is the highest common factor of 48 and 14736?
48
Calculate the highest common divisor of 10 and 170.
10
Calculate the greatest common divisor of 245 and 70.
35
Calculate the greatest common factor of 24165 and 179.
179
Calculate the highest common factor of 132 and 99.
33
Calculate the highest common factor of 236 and 3717.
59
Calculate the highest common divisor of 274 and 15207.
137
What is the highest common factor of 272 and 80?
16
Calculate the highest common factor of 32 and 28.
4
What is the greatest common divisor of 12282 and 966?
138
Calculate the highest common divisor of 988 and 228.
76
What is the greatest common divisor of 703 and 148?
37
Calculate the greatest common divisor of 322 and 46.
46
Calculate the greatest common factor of 5036 and 4.
4
What is the greatest common divisor of 1078 and 88?
22
What is the highest common divisor of 16 and 56?
8
Calculate the greatest common divisor of 100 and 260.
20
Calculate the greatest common factor of 2717 and 143.
143
Calculate the highest common divisor of 21 and 161.
7
Calculate the greatest common divisor of 256 and 1152.
128
What is the greatest common factor of 469 and 63?
7
Calculate the greatest common divisor of 30 and 95.
5
Calculate the greatest common factor of 561 and 510.
51
What is the highest common factor of 25 and 50?
25
What is the greatest common factor of 810 and 30?
30
Calculate the highest common divisor of 420 and 192.
12
Calculate the greatest common divisor of 12 and 1230.
6
What is the highest common factor of 640 and 40?
40
What is the greatest common factor of 22 and 10?
2
Calculate the highest common divisor of 2516 and 740.
148
What is the highest common divisor of 38 and 38?
38
Calculate the highest common divisor of 1170 and 810.
90
What is the highest common factor of 70 and 1645?
35
Calculate the highest common divisor of 891 and 22.
11
Calculate the greatest common factor of 18 and 36.
18
Calculate the highest common factor of 19769 and 53.
53
Calculate the greatest common factor of 25 and 1475.
25
What is the highest common factor of 1365 and 468?
39
Calculate the highest common factor of 864 and 54.
54
What is the greatest common divisor of 75 and 18?
3
What is the highest common factor of 6 and 7062?
6
Calculate the highest common divisor of 395 and 1817.
79
Calculate the greatest common factor of 104 and 40.
8
What is the highest common factor of 102 and 51?
51
What is the greatest common factor of 15677 and 257?
257
Calculate the highest common factor of 837 and 31.
31
What is the highest common factor of 855 and 114?
57
Calculate the greatest common divisor of 793 and 507.
13
Calculate the greatest common factor of 22 and 286.
22
Calculate the highest common divisor of 511 and 73.
73
Calculate the greatest common divisor of 7000 and 56.
56
What is the greatest common divisor of 110 and 242?
22
What is the highest common factor of 15 and 1005?
15
Calculate the greatest common factor of 11 and 19.
1
What is the greatest common divisor of 44 and 4?
4
Calculate the greatest common divisor of 29 and 29.
29
What is the greatest common factor of 6865 and 5?
5
Calculate the greatest common factor of 272 and 720.
16
Calculate the highest common factor of 4 and 5.
1
Calculate the greatest common factor of 714 and 59619.
357
Calculate the highest common factor of 456 and 1254.
114
Calculate the highest common divisor of 10 and 8515.
5
What is the highest common divisor of 856 and 352?
8
Calculate the greatest common divisor of 55 and 5.
5
Calculate the greatest common divisor of 84 and 140.
28
Calculate the highest common factor of 559 and 43.
43
Calculate the greatest common divisor of 148 and 53428.
148
What is the greatest common factor of 290 and 10?
10
What is t